{"id":2466,"date":"2021-04-05T18:30:39","date_gmt":"2021-04-05T16:30:39","guid":{"rendered":"https:\/\/vsekary.cz\/hasici\/?page_id=2466"},"modified":"2021-04-05T18:50:35","modified_gmt":"2021-04-05T16:50:35","slug":"gdpr","status":"publish","type":"page","link":"https:\/\/vsekary.cz\/hasici\/gdpr\/","title":{"rendered":"GDPR"},"content":{"rendered":"\n<p>Z\u00c1KLADN\u00cd USTANOVEN\u00cd<\/p>\n\n\n\n<ol><li>Spr\u00e1vcem osobn\u00edch \u00fadaj\u016f podle \u010dl. 4 bod 7 na\u0159\u00edzen\u00ed Evropsk\u00e9ho<br>parlamentu a Rady (EU) 2016\/679 o ochran\u011b fyzick\u00fdch osob v souvislosti se<br>zpracov\u00e1n\u00edm osobn\u00edch \u00fadaj\u016f a o voln\u00e9m pohybu t\u011bchto \u00fadaj\u016f (d\u00e1le jen:<br>\u201eGDPR\u201d) je I\u010c: 07434588\u00a0zapsan\u00fd v \u017eivnostensk\u00e9m rejst\u0159\u00edku (d\u00e1le jen:<br>\u201espr\u00e1vce\u201c).<\/li><li>Kontaktn\u00ed \u00fadaje spr\u00e1vce jsou:<br>url: https:\/\/vsekary.cz\/hasici<br>e-mail: simon.svajner@websvaj.cz<br>telefon: 725 886 966<\/li><li>Osobn\u00edmi \u00fadaji se rozum\u00ed ve\u0161ker\u00e9 informace o identifikovan\u00e9 nebo<br>identifikovateln\u00e9 fyzick\u00e9 osob\u011b; identifikovatelnou fyzickou osobou je<br>fyzick\u00e1 osoba, kterou lze p\u0159\u00edmo \u010di nep\u0159\u00edmo identifikovat, zejm\u00e9na odkazem<br>na ur\u010dit\u00fd identifik\u00e1tor, nap\u0159\u00edklad jm\u00e9no, identifika\u010dn\u00ed \u010d\u00edslo, loka\u010dn\u00ed \u00fadaje,<br>s\u00ed\u0165ov\u00fd identifik\u00e1tor nebo na jeden \u010di v\u00edce zvl\u00e1\u0161tn\u00edch prvk\u016f fyzick\u00e9,<br>fyziologick\u00e9, genetick\u00e9, psychick\u00e9, ekonomick\u00e9, kulturn\u00ed nebo spole\u010densk\u00e9<br>identity t\u00e9to fyzick\u00e9 osoby.<\/li><li>Spr\u00e1vce nejmenoval pov\u011b\u0159ence pro ochranu osobn\u00edch \u00fadaj\u016f.<br>JAK\u00c9 SHROMA\u017d\u010eUJEME OSOBN\u00cd \u00daDAJE A PRO\u010c JE SHROMA\u017d\u010eUJEME<br>M\u00c9DIA<br>Pokud nahr\u00e1v\u00e1te obr\u00e1zky na tento web, m\u011bli byste se vyhnout nahr\u00e1v\u00e1n\u00ed obr\u00e1zk\u016f<br>s vlo\u017een\u00fdmi \u00fadaji o poloze (EXIF GPS). N\u00e1v\u0161t\u011bvn\u00edci webu mohou st\u00e1hnout a<br>zobrazit libovoln\u00e9 data o poloze z obr\u00e1zk\u016f na webu.<br>KONTAKTN\u00cd FORMUL\u00c1\u0158E<br>Odesl\u00e1n\u00edm kontaktn\u00edho formul\u00e1\u0159e n\u00e1m poskytujete V\u00e1\u0161 e-mail, tyto \u00fadaje u\u017eijeme<br>pouze ke zp\u011btn\u00e9 komunikaci s V\u00e1mi.<br>COOKIES<br>Soubory cookies pou\u017e\u00edv\u00e1me pouze k analytick\u00e9 funkci webu. Pokud s jejich<br>pou\u017eit\u00edm nesouhlas\u00edte m\u016f\u017eete si je v prohl\u00ed\u017ee\u010di vypnout.<br>VLO\u017dEN\u00dd OBSAH Z DAL\u0160\u00cdCH WEB\u016e<br>P\u0159\u00edsp\u011bvky na t\u011bchto str\u00e1nk\u00e1ch mohou obsahovat vlo\u017een\u00fd obsah (nap\u0159\u00edklad videa,<br>obr\u00e1zky, \u010dl\u00e1nky atd.). Vlo\u017een\u00fd obsah z jin\u00fdch webov\u00fdch str\u00e1nek se chov\u00e1 stejn\u00fdm<br>zp\u016fsobem, jako kdyby n\u00e1v\u0161t\u011bvn\u00edk nav\u0161t\u00edvil jin\u00fd web.<br>Tyto webov\u00e9 str\u00e1nky mohou shroma\u017e\u010fovat data o v\u00e1s, pou\u017e\u00edvat soubory cookies,<br>vkl\u00e1dat dal\u0161\u00ed sledov\u00e1n\u00ed od t\u0159et\u00edch stran a sledovat va\u0161i interakci s t\u00edmto vlo\u017een\u00fdm<br>obsahem, v\u010detn\u011b sledov\u00e1n\u00ed interakce s vlo\u017een\u00fdm obsahem, pokud m\u00e1te \u00fa\u010det a<br>jste p\u0159ihl\u00e1\u0161eni na danou webovou str\u00e1nku.<br>JAK DLOUHO UCHOV\u00c1V\u00c1ME VA\u0160E \u00daDAJE<br>\uf0b7 Spr\u00e1vce uchov\u00e1v\u00e1 osobn\u00ed \u00fadaje<br>o po dobu nezbytnou k v\u00fdkonu pr\u00e1v a povinnost\u00ed vypl\u00fdvaj\u00edc\u00edch ze<br>smluvn\u00edho vztahu mezi V\u00e1mi a spr\u00e1vcem a uplat\u0148ov\u00e1n\u00ed n\u00e1rok\u016f z<br>t\u011bchto smluvn\u00edch vztah\u016f (po dobu 15 let od ukon\u010den\u00ed smluvn\u00edho<br>vztahu).<br>\uf0b7 Po uplynut\u00ed doby uchov\u00e1v\u00e1n\u00ed osobn\u00edch \u00fadaj\u016f spr\u00e1vce osobn\u00ed \u00fadaje vyma\u017ee.<br>Pokud p\u0159id\u00e1te koment\u00e1\u0159, koment\u00e1\u0159 a jeho metadata budou uchov\u00e1v\u00e1na po dobu<br>neur\u010ditou. \u00dadaje jsou uchov\u00e1v\u00e1ny za \u00fa\u010delem automatick\u00e9ho rozpozn\u00e1n\u00ed a<br>schv\u00e1len\u00ed v\u0161ech n\u00e1sledn\u00fdch koment\u00e1\u0159\u016f, m\u00edsto jejich dr\u017een\u00ed ve front\u011b moderov\u00e1n\u00ed.<br>Pro u\u017eivatele, kte\u0159\u00ed se registruj\u00ed na tomto webu (pokud maj\u00ed tuto mo\u017enost),<br>ukl\u00e1d\u00e1me tak\u00e9 osobn\u00ed \u00fadaje, kter\u00e9 uv\u00e1d\u011bj\u00ed ve sv\u00e9m u\u017eivatelsk\u00e9m profilu. V\u0161ichni<br>u\u017eivatel\u00e9 mohou kdykoliv vid\u011bt, upravovat nebo smazat sv\u00e9 osobn\u00ed \u00fadaje (s<br>v\u00fdjimkou toho, \u017ee nemohou zm\u011bnit sv\u00e9 u\u017eivatelsk\u00e9 jm\u00e9no). Administr\u00e1to\u0159i webu<br>mohou tak\u00e9 tyto informace zobrazit a upravovat.<br>JAK\u00c1 M\u00c1TE PR\u00c1VA?<\/li><li>Za podm\u00ednek stanoven\u00fdch v GDPR m\u00e1te<br>\uf0b7 pr\u00e1vo na p\u0159\u00edstup ke sv\u00fdm osobn\u00edm \u00fadaj\u016fm dle \u010dl. 15 GDPR,<br>\uf0b7 pr\u00e1vo opravu osobn\u00edch \u00fadaj\u016f dle \u010dl. 16 GDPR, pop\u0159\u00edpad\u011b omezen\u00ed<br>zpracov\u00e1n\u00ed dle \u010dl. 18 GDPR,<br>\uf0b7 pr\u00e1vo na v\u00fdmaz osobn\u00edch \u00fadaj\u016f dle \u010dl. 17 GDPR,<br>\uf0b7 pr\u00e1vo vzn\u00e9st n\u00e1mitku proti zpracov\u00e1n\u00ed dle \u010dl. 21 GDPR,<br>\uf0b7 pr\u00e1vo na p\u0159enositelnost \u00fadaj\u016f dle \u010dl. 20 GDPR<\/li><li>D\u00e1le m\u00e1te pr\u00e1vo podat st\u00ed\u017enost u \u00da\u0159adu pro ochranu osobn\u00edch \u00fadaj\u016f v<br>p\u0159\u00edpad\u011b, \u017ee se domn\u00edv\u00e1te, \u017ee bylo poru\u0161eno Va\u0161e pr\u00e1vo na ochranu<br>osobn\u00edch \u00fadaj\u016f, p\u0159\u00edpadn\u011b se obr\u00e1tit na soud.<br>Ponechte, pokud zpracov\u00e1v\u00e1te osobn\u00ed \u00fadaje na z\u00e1klad\u011b souhlasu.<br>Pokud m\u00e1te na tomto webu \u00fa\u010det nebo jste zde p\u0159idali koment\u00e1\u0159e, m\u016f\u017eete<br>po\u017e\u00e1dat o obdr\u017een\u00ed souboru s exportem osobn\u00edch \u00fadaj\u016f, kter\u00e9 o v\u00e1s uchov\u00e1v\u00e1me,<br>v\u010detn\u011b v\u0161ech \u00fadaj\u016f, kter\u00e9 jste n\u00e1m poskytli. M\u016f\u017eete tak\u00e9 po\u017e\u00e1dat o odstran\u011bn\u00ed<br>ve\u0161ker\u00fdch osobn\u00edch \u00fadaj\u016f, kter\u00e9 o v\u00e1s uchov\u00e1v\u00e1me. Tato mo\u017enost nezahrnuje<br>\u00fadaje, kter\u00e9 jsme povinni uchov\u00e1vat z administrativn\u00edch, pr\u00e1vn\u00edch nebo<br>bezpe\u010dnostn\u00edch d\u016fvod\u016f<br>PODM\u00cdNKY ZABEZPE\u010cEN\u00cd OSOBN\u00cdCH \u00daDAJ\u016e<\/li><li>Spr\u00e1vce prohla\u0161uje, \u017ee p\u0159ijal ve\u0161ker\u00e1 vhodn\u00e1 technick\u00e1 a organiza\u010dn\u00ed<br>opat\u0159en\u00ed k zabezpe\u010den\u00ed osobn\u00edch \u00fadaj\u016f.<\/li><li>Spr\u00e1vce p\u0159ijal technick\u00e1 opat\u0159en\u00ed k zabezpe\u010den\u00ed datov\u00fdch \u00falo\u017ei\u0161\u0165 a \u00falo\u017ei\u0161\u0165<br>osobn\u00edch \u00fadaj\u016f v listinn\u00e9 podob\u011b,<\/li><li>Spr\u00e1vce prohla\u0161uje, \u017ee k osobn\u00edm \u00fadaj\u016fm maj\u00ed p\u0159\u00edstup pouze j\u00edm pov\u011b\u0159en\u00e9<br>osoby.<br>Zde m\u016f\u017eete uv\u00e9st p\u0159\u00edklady technick\u00e9ho zabezpe\u010den\u00ed po\u010d\u00edta\u010dov\u00fdch \u00falo\u017ei\u0161\u0165 dat,<br>nap\u0159. hesla, antivirov\u00fd program, \u0161ifrov\u00e1n\u00ed, z\u00e1lohy, apod.<br>Z\u00c1V\u011aRE\u010cN\u00c1 USTANOVEN\u00cd<br>Odesl\u00e1n\u00edm objedn\u00e1vky z internetov\u00e9ho objedn\u00e1vkov\u00e9ho formul\u00e1\u0159e potvrzujete, \u017ee<br>jste sezn\u00e1men\/a s podm\u00ednkami ochrany osobn\u00edch \u00fadaj\u016f a \u017ee je v cel\u00e9m rozsahu<br>p\u0159ij\u00edm\u00e1te.<br>Spr\u00e1vce je opr\u00e1vn\u011bn tyto podm\u00ednky zm\u011bnit. Novou verzi podm\u00ednek ochrany<br>osobn\u00edch \u00fadaj\u016f zve\u0159ejn\u00ed na sv\u00fdch internetov\u00fdch str\u00e1nk\u00e1ch a z\u00e1rove\u0148 V\u00e1m za\u0161le<br>novou verzi t\u011bchto podm\u00ednek Va\u0161i e-mailovou adresu, kterou jste spr\u00e1vci<br>poskytl\/a.<\/li><\/ol>\n","protected":false},"excerpt":{"rendered":"<p>Z\u00c1KLADN\u00cd USTANOVEN\u00cd Spr\u00e1vcem osobn\u00edch \u00fadaj\u016f podle \u010dl. 4 bod 7 na\u0159\u00edzen\u00ed Evropsk\u00e9hoparlamentu a Rady (EU) 2016\/679 o ochran\u011b fyzick\u00fdch osob v souvislosti sezpracov\u00e1n\u00edm osobn\u00edch \u00fadaj\u016f a o voln\u00e9m pohybu t\u011bchto \u00fadaj\u016f (d\u00e1le jen:\u201eGDPR\u201d) je I\u010c: 07434588\u00a0zapsan\u00fd v \u017eivnostensk\u00e9m rejst\u0159\u00edku (d\u00e1le jen:\u201espr\u00e1vce\u201c). Kontaktn\u00ed \u00fadaje spr\u00e1vce jsou:url: https:\/\/vsekary.cz\/hasicie-mail: simon.svajner@websvaj.cztelefon: 725 886 966 Osobn\u00edmi \u00fadaji se rozum\u00ed ve\u0161ker\u00e9 [&hellip;]<\/p>\n","protected":false},"author":1,"featured_media":0,"parent":0,"menu_order":0,"comment_status":"closed","ping_status":"closed","template":"","meta":{"spay_email":""},"_links":{"self":[{"href":"https:\/\/vsekary.cz\/hasici\/wp-json\/wp\/v2\/pages\/2466"}],"collection":[{"href":"https:\/\/vsekary.cz\/hasici\/wp-json\/wp\/v2\/pages"}],"about":[{"href":"https:\/\/vsekary.cz\/hasici\/wp-json\/wp\/v2\/types\/page"}],"author":[{"embeddable":true,"href":"https:\/\/vsekary.cz\/hasici\/wp-json\/wp\/v2\/users\/1"}],"replies":[{"embeddable":true,"href":"https:\/\/vsekary.cz\/hasici\/wp-json\/wp\/v2\/comments?post=2466"}],"version-history":[{"count":0,"href":"https:\/\/vsekary.cz\/hasici\/wp-json\/wp\/v2\/pages\/2466\/revisions"}],"wp:attachment":[{"href":"https:\/\/vsekary.cz\/hasici\/wp-json\/wp\/v2\/media?parent=2466"}],"curies":[{"name":"wp","href":"https:\/\/api.w.org\/{rel}","templated":true}]}}

<p>ZÁKLADNÍ USTANOVENÍ</p>



<ol><li>Správcem osobních údajů podle čl. 4 bod 7 nařízení Evropského<br>parlamentu a Rady (EU) 2016/679 o ochraně fyzických osob v souvislosti se<br>zpracováním osobních údajů a o volném pohybu těchto údajů (dále jen:<br>„GDPR”) je IČ: 07434588 zapsaný v živnostenském rejstříku (dále jen:<br>„správce“).</li><li>Kontaktní údaje správce jsou:<br>url: https://vsekary.cz/hasici<br>e-mail: simon.svajner@websvaj.cz<br>telefon: 725 886 966</li><li>Osobními údaji se rozumí veškeré informace o identifikované nebo<br>identifikovatelné fyzické osobě; identifikovatelnou fyzickou osobou je<br>fyzická osoba, kterou lze přímo či nepřímo identifikovat, zejména odkazem<br>na určitý identifikátor, například jméno, identifikační číslo, lokační údaje,<br>síťový identifikátor nebo na jeden či více zvláštních prvků fyzické,<br>fyziologické, genetické, psychické, ekonomické, kulturní nebo společenské<br>identity této fyzické osoby.</li><li>Správce nejmenoval pověřence pro ochranu osobních údajů.<br>JAKÉ SHROMAŽĎUJEME OSOBNÍ ÚDAJE A PROČ JE SHROMAŽĎUJEME<br>MÉDIA<br>Pokud nahráváte obrázky na tento web, měli byste se vyhnout nahrávání obrázků<br>s vloženými údaji o poloze (EXIF GPS). Návštěvníci webu mohou stáhnout a<br>zobrazit libovolné data o poloze z obrázků na webu.<br>KONTAKTNÍ FORMULÁŘE<br>Odesláním kontaktního formuláře nám poskytujete Váš e-mail, tyto údaje užijeme<br>pouze ke zpětné komunikaci s Vámi.<br>COOKIES<br>Soubory cookies používáme pouze k analytické funkci webu. Pokud s jejich<br>použitím nesouhlasíte můžete si je v prohlížeči vypnout.<br>VLOŽENÝ OBSAH Z DALŠÍCH WEBŮ<br>Příspěvky na těchto stránkách mohou obsahovat vložený obsah (například videa,<br>obrázky, články atd.). Vložený obsah z jiných webových stránek se chová stejným<br>způsobem, jako kdyby návštěvník navštívil jiný web.<br>Tyto webové stránky mohou shromažďovat data o vás, používat soubory cookies,<br>vkládat další sledování od třetích stran a sledovat vaši interakci s tímto vloženým<br>obsahem, včetně sledování interakce s vloženým obsahem, pokud máte účet a<br>jste přihlášeni na danou webovou stránku.<br>JAK DLOUHO UCHOVÁVÁME VAŠE ÚDAJE<br> Správce uchovává osobní údaje<br>o po dobu nezbytnou k výkonu práv a povinností vyplývajících ze<br>smluvního vztahu mezi Vámi a správcem a uplatňování nároků z<br>těchto smluvních vztahů (po dobu 15 let od ukončení smluvního<br>vztahu).<br> Po uplynutí doby uchovávání osobních údajů správce osobní údaje vymaže.<br>Pokud přidáte komentář, komentář a jeho metadata budou uchovávána po dobu<br>neurčitou. Údaje jsou uchovávány za účelem automatického rozpoznání a<br>schválení všech následných komentářů, místo jejich držení ve frontě moderování.<br>Pro uživatele, kteří se registrují na tomto webu (pokud mají tuto možnost),<br>ukládáme také osobní údaje, které uvádějí ve svém uživatelském profilu. Všichni<br>uživatelé mohou kdykoliv vidět, upravovat nebo smazat své osobní údaje (s<br>výjimkou toho, že nemohou změnit své uživatelské jméno). Administrátoři webu<br>mohou také tyto informace zobrazit a upravovat.<br>JAKÁ MÁTE PRÁVA?</li><li>Za podmínek stanovených v GDPR máte<br> právo na přístup ke svým osobním údajům dle čl. 15 GDPR,<br> právo opravu osobních údajů dle čl. 16 GDPR, popřípadě omezení<br>zpracování dle čl. 18 GDPR,<br> právo na výmaz osobních údajů dle čl. 17 GDPR,<br> právo vznést námitku proti zpracování dle čl. 21 GDPR,<br> právo na přenositelnost údajů dle čl. 20 GDPR</li><li>Dále máte právo podat stížnost u Úřadu pro ochranu osobních údajů v<br>případě, že se domníváte, že bylo porušeno Vaše právo na ochranu<br>osobních údajů, případně se obrátit na soud.<br>Ponechte, pokud zpracováváte osobní údaje na základě souhlasu.<br>Pokud máte na tomto webu účet nebo jste zde přidali komentáře, můžete<br>požádat o obdržení souboru s exportem osobních údajů, které o vás uchováváme,<br>včetně všech údajů, které jste nám poskytli. Můžete také požádat o odstranění<br>veškerých osobních údajů, které o vás uchováváme. Tato možnost nezahrnuje<br>údaje, které jsme povinni uchovávat z administrativních, právních nebo<br>bezpečnostních důvodů<br>PODMÍNKY ZABEZPEČENÍ OSOBNÍCH ÚDAJŮ</li><li>Správce prohlašuje, že přijal veškerá vhodná technická a organizační<br>opatření k zabezpečení osobních údajů.</li><li>Správce přijal technická opatření k zabezpečení datových úložišť a úložišť<br>osobních údajů v listinné podobě,</li><li>Správce prohlašuje, že k osobním údajům mají přístup pouze jím pověřené<br>osoby.<br>Zde můžete uvést příklady technického zabezpečení počítačových úložišť dat,<br>např. hesla, antivirový program, šifrování, zálohy, apod.<br>ZÁVĚREČNÁ USTANOVENÍ<br>Odesláním objednávky z internetového objednávkového formuláře potvrzujete, že<br>jste seznámen/a s podmínkami ochrany osobních údajů a že je v celém rozsahu<br>přijímáte.<br>Správce je oprávněn tyto podmínky změnit. Novou verzi podmínek ochrany<br>osobních údajů zveřejní na svých internetových stránkách a zároveň Vám zašle<br>novou verzi těchto podmínek Vaši e-mailovou adresu, kterou jste správci<br>poskytl/a.</li></ol>

<p>ZÁKLADNÍ USTANOVENÍ Správcem osobních údajů podle čl. 4 bod 7 nařízení Evropskéhoparlamentu a Rady (EU) 2016/679 o ochraně fyzických osob v souvislosti sezpracováním osobních údajů a o volném pohybu těchto údajů (dále jen:„GDPR”) je IČ: 07434588 zapsaný v živnostenském rejstříku (dále jen:„správce“). Kontaktní údaje správce jsou:url: https://vsekary.cz/hasicie-mail: simon.svajner@websvaj.cztelefon: 725 886 966 Osobními údaji se rozumí veškeré [&hellip;]</p>
